{"id":1108,"date":"2025-02-18T22:35:45","date_gmt":"2025-02-18T21:35:45","guid":{"rendered":"https:\/\/ccbbcyclo.fr\/?page_id=1108"},"modified":"2025-03-30T22:05:51","modified_gmt":"2025-03-30T20:05:51","slug":"randonnee-ccbb-2025","status":"publish","type":"page","link":"https:\/\/ccbbcyclo.fr\/index.php\/randonnee-ccbb-2025\/","title":{"rendered":"Randonn\u00e9e CCBB 2025"},"content":{"rendered":"\n<div class=\"wp-block-columns is-layout-flex wp-container-core-columns-is-layout-9d6595d7 wp-block-columns-is-layout-flex\">\n<div class=\"wp-block-column is-layout-flow wp-block-column-is-layout-flow\">\n<p>F.F.C.T<\/p>\n<\/div>\n\n\n\n<div class=\"wp-block-column is-layout-flow wp-block-column-is-layout-flow\">\n<p class=\"has-text-align-right\">CODEP92 COREG I.D.F<\/p>\n<\/div>\n<\/div>\n\n\n\n<p class=\"has-text-align-center has-x-large-font-size\"><strong>&nbsp;CYCLOTOURISME<\/strong><\/p>\n\n\n\n<p><\/p>\n\n\n\n<div class=\"wp-block-group\"><div class=\"wp-block-group__inner-container is-layout-constrained wp-block-group-is-layout-constrained\">\n<figure class=\"wp-block-table\"><table class=\"has-fixed-layout\"><tbody><tr><td><img loading=\"lazy\" decoding=\"async\" width=\"150\" height=\"70\" class=\"wp-image-747\" style=\"width: 150px;\" src=\"https:\/\/ccbbcyclo.fr\/wp-content\/uploads\/2024\/02\/word-image-741-6.png\" alt=\"\" srcset=\"https:\/\/ccbbcyclo.fr\/wp-content\/uploads\/2024\/02\/word-image-741-6.png 613w, https:\/\/ccbbcyclo.fr\/wp-content\/uploads\/2024\/02\/word-image-741-6-300x141.png 300w\" sizes=\"auto, (max-width: 150px) 100vw, 150px\" \/><\/td><td class=\"has-text-align-center\" data-align=\"center\"><img loading=\"lazy\" decoding=\"async\" width=\"150\" height=\"34\" class=\"wp-image-1167\" style=\"width: 150px;\" src=\"https:\/\/ccbbcyclo.fr\/wp-content\/uploads\/2025\/03\/Graisse-Logo_Ville_BB_noir.png\" alt=\"\" srcset=\"https:\/\/ccbbcyclo.fr\/wp-content\/uploads\/2025\/03\/Graisse-Logo_Ville_BB_noir.png 5701w, https:\/\/ccbbcyclo.fr\/wp-content\/uploads\/2025\/03\/Graisse-Logo_Ville_BB_noir-300x68.png 300w, https:\/\/ccbbcyclo.fr\/wp-content\/uploads\/2025\/03\/Graisse-Logo_Ville_BB_noir-1024x231.png 1024w, https:\/\/ccbbcyclo.fr\/wp-content\/uploads\/2025\/03\/Graisse-Logo_Ville_BB_noir-768x173.png 768w, https:\/\/ccbbcyclo.fr\/wp-content\/uploads\/2025\/03\/Graisse-Logo_Ville_BB_noir-1536x347.png 1536w, https:\/\/ccbbcyclo.fr\/wp-content\/uploads\/2025\/03\/Graisse-Logo_Ville_BB_noir-2048x462.png 2048w\" sizes=\"auto, (max-width: 150px) 100vw, 150px\" \/><\/td><td class=\"has-text-align-right\" data-align=\"right\"><img loading=\"lazy\" decoding=\"async\" width=\"150\" height=\"66\" class=\"wp-image-1122\" style=\"width: 150px;\" src=\"https:\/\/ccbbcyclo.fr\/wp-content\/uploads\/2025\/02\/nouveau-logo-CCBB.png\" alt=\"\"><\/td><\/tr><\/tbody><\/table><\/figure>\n<\/div><\/div>\n\n\n\n<p><\/p>\n\n\n\n<p class=\"has-text-align-center\"><strong>Le CYCLO &#8211; CLUB de BOULOGNE BILLANCOURT<\/strong> <\/p>\n\n\n\n<p class=\"has-text-align-center\">Vous invite le Samedi 5 Avril \u00e0 la 36 \u00e9me  \u00e9dition de<\/p>\n\n\n\n<p class=\"has-text-align-center\"><strong>BOULOGNE -&gt; CHATEAUNEUF en THYMERAIS -&gt; BOULOGNE &#8211; 220 KM<\/strong><\/p>\n\n\n\n<p class=\"has-text-align-center\"><strong>Challenge &nbsp; \u00ab\u00a0Christian RICHON\u00a0\u00bb<\/strong><\/p>\n\n\n\n<p class=\"has-text-align-center\">ET<\/p>\n\n\n\n<p class=\"has-text-align-center\"><strong>BOULOGNE -&gt; LES BREVIAIRES-ETANGS DE HOLLANDE -&gt; BOULOGNE &#8211; 110 KM<\/strong><\/p>\n\n\n\n<p class=\"has-text-align-center\"><strong>Challenge &nbsp; \u00ab\u00a0Danielle RICHON\u00a0\u00bb<\/strong><\/p>\n\n\n\n<p class=\"has-text-align-center\">Le d\u00e9part sera donn\u00e9 \u00e0 la mairie de Boulogne-Billancourt<\/p>\n\n\n\n<hr class=\"wp-block-separator has-alpha-channel-opacity\"\/>\n\n\n\n<p class=\"has-text-align-center\" style=\"text-decoration:underline\">Pr\u00e9-inscriptions sur HELLOASSO<\/p>\n\n\n\n<figure class=\"wp-block-table\"><table class=\"has-fixed-layout\"><tbody><tr><td class=\"has-text-align-center\" data-align=\"center\">Boulogne \u2013 Etangs de Hollande \u2013 110 km<\/td><td class=\"has-text-align-center\" data-align=\"center\">Boulogne \u2013 Ch\u00e2teauneuf \u2013 220 km<\/td><\/tr><tr><td class=\"has-text-align-center\" data-align=\"center\">Cliquer <mark style=\"background-color:rgba(0, 0, 0, 0);color:#f20202\" class=\"has-inline-color\"><strong><a href=\"https:\/\/www.helloasso.com\/associations\/cyclo-club-boulogne-billancourt\/evenements\/boulogne-etangs-de-hollande-boulogne-110km-2025\">ICI<\/a><\/strong> <\/mark>pour les pr\u00e9-inscriptions ou scanner le QR code ci-dessous<\/td><td class=\"has-text-align-center\" data-align=\"center\">Cliquer <mark style=\"background-color:rgba(0, 0, 0, 0);color:#f20202\" class=\"has-inline-color\"><strong><a href=\"https:\/\/www.helloasso.com\/associations\/cyclo-club-boulogne-billancourt\/evenements\/boulogne-chateauneuf-en-thymerais-boulogne-220km-2025\">ICI<\/a><\/strong> <\/mark>pour les pr\u00e9-inscriptions ou scanner le QR code ci-dessous<\/td><\/tr><tr><td class=\"has-text-align-center\" data-align=\"center\"><img loading=\"lazy\" decoding=\"async\" width=\"150\" height=\"150\" class=\"wp-image-1141\" style=\"width: 150px;\" src=\"https:\/\/ccbbcyclo.fr\/wp-content\/uploads\/2025\/02\/qrcode-2.png\" alt=\"\" srcset=\"https:\/\/ccbbcyclo.fr\/wp-content\/uploads\/2025\/02\/qrcode-2.png 600w, https:\/\/ccbbcyclo.fr\/wp-content\/uploads\/2025\/02\/qrcode-2-300x300.png 300w, https:\/\/ccbbcyclo.fr\/wp-content\/uploads\/2025\/02\/qrcode-2-150x150.png 150w\" sizes=\"auto, (max-width: 150px) 100vw, 150px\" \/><\/td><td class=\"has-text-align-center\" data-align=\"center\"><img loading=\"lazy\" decoding=\"async\" width=\"150\" height=\"150\" class=\"wp-image-1140\" style=\"width: 150px;\" src=\"https:\/\/ccbbcyclo.fr\/wp-content\/uploads\/2025\/02\/qrcode.png\" alt=\"\" srcset=\"https:\/\/ccbbcyclo.fr\/wp-content\/uploads\/2025\/02\/qrcode.png 600w, https:\/\/ccbbcyclo.fr\/wp-content\/uploads\/2025\/02\/qrcode-300x300.png 300w, https:\/\/ccbbcyclo.fr\/wp-content\/uploads\/2025\/02\/qrcode-150x150.png 150w\" sizes=\"auto, (max-width: 150px) 100vw, 150px\" \/><\/td><\/tr><\/tbody><\/table><\/figure>\n\n\n\n<hr class=\"wp-block-separator has-alpha-channel-opacity\"\/>\n\n\n\n<p class=\"has-text-align-center\" style=\"text-decoration:underline\">Possibilit\u00e9 d&rsquo;inscriptions sur place<\/p>\n\n\n\n<p class=\"has-text-align-center\">Vendredi 4 Avril de 16h \u00e0 19h au CCBB, 11 Rue de Clamart, 92100 Boulogne-Billancourt.<\/p>\n\n\n\n<p class=\"has-text-align-center\">Samedi 5 Avril de 6h \u00e0 8h au d\u00e9part de la Mairie de Boulogne-Billancourt, 26 Avenue Andr\u00e9 Morizet, 92100 Boulogne -Billancourt.<\/p>\n\n\n\n<hr class=\"wp-block-separator has-alpha-channel-opacity\"\/>\n\n\n\n<p class=\"has-text-align-center\" style=\"text-decoration:underline\">Renseignements<\/p>\n\n\n\n<p class=\"has-text-align-center\">M\u00e9t\u00e9o Locale: 08 92 68 02 92<\/p>\n\n\n\n<p class=\"has-text-align-center\">Contact du pr\u00e9sident: Jean-Christophe BAZIN &#8211; 06 70 03 98 83 &#8211; jcbazin57@gmail.com<\/p>\n\n\n\n<p class=\"has-text-align-center\">Contact du tr\u00e9sorier: Patrick TERNOIS &#8211; 06 87 76 92 50 &#8211; pternois@yahoo.fr<\/p>\n\n\n\n<p class=\"has-text-align-center\">Site internet: https:\/\/ccbbcyclo.fr<\/p>\n\n\n\n<p class=\"has-text-align-center\">Agr\u00e9ment Jeunesse et Sports : 92.S.127- A.P.S n\u00b0 ET001175<\/p>\n\n\n\n<p class=\"has-text-align-center\">SIRET&nbsp;: 491&nbsp;591&nbsp;715 00017&nbsp; &#8211;&nbsp; APE&nbsp;: 926 C<\/p>\n\n\n\n<hr class=\"wp-block-separator has-alpha-channel-opacity\"\/>\n\n\n\n<p class=\"has-text-align-center\" style=\"text-decoration:underline\">R\u00e9glement<\/p>\n\n\n\n<p class=\"has-text-align-center\">D\u00e9part: MAIRIE DE BOULOGNE: 26 Avenue Andr\u00e9 Morizet<br>Arriv\u00e9e: 11 rue de Clamart 92100 BOULOGNE<\/p>\n\n\n\n<p class=\"has-text-align-center\">Heures de d\u00e9part: 220 kms: Echelonn\u00e9 de 06h00 \u00e0 8h00 \/ 110 kms: Echelonn\u00e9 de 07h00 \u00e0 08h00<\/p>\n\n\n\n<p class=\"has-text-align-center\">Heure de cl\u00f4ture: 19h00 DERNIER DELAI<\/p>\n\n\n\n<p class=\"has-text-align-center\">Parcours fl\u00e9ch\u00e9: Aller et Retour<\/p>\n\n\n\n<p class=\"has-text-align-center\">Contr\u00f4le et Ravitaillement: Pr\u00e9vus sur Parcours, \u00e0 la Base de Loisirs Etangs de Hollande les Br\u00e9viaires<br>Pour le 110kms et le 220kms (aller et retour de Ch\u00e2teauneuf)<br><\/p>\n\n\n\n<p class=\"has-text-align-center\">220 kms: plateau repas, boissons et caf\u00e9, \u00e0 Ch\u00e2teauneuf en Thymerais pour les pr\u00e9inscrits Ravitaillement classique pour les non pr\u00e9inscrits<\/p>\n\n\n\n<hr class=\"wp-block-separator has-alpha-channel-opacity\"\/>\n\n\n\n<p class=\"has-text-align-center\" style=\"text-decoration:underline\">Engagement<\/p>\n\n\n\n<figure class=\"wp-block-table\"><table class=\"has-fixed-layout\"><tbody><tr><td class=\"has-text-align-center\" data-align=\"center\">220 KM<\/td><td class=\"has-text-align-center\" data-align=\"center\">Licenci\u00e9s: 20 Euros<\/td><td class=\"has-text-align-center\" data-align=\"center\">Non licenci\u00e9s: 23 Euros<\/td><td class=\"has-text-align-center\" data-align=\"center\">Jeunes &#8211; 18 Ans Gratuit<\/td><\/tr><tr><td class=\"has-text-align-center\" data-align=\"center\">110 KM<\/td><td class=\"has-text-align-center\" data-align=\"center\">Licenci\u00e9s: 8 Euros<\/td><td class=\"has-text-align-center\" data-align=\"center\">Non licenci\u00e9s: 11 Euros<\/td><td class=\"has-text-align-center\" data-align=\"center\">Jeunes &#8211; 18 Ans Gratuit<\/td><\/tr><\/tbody><\/table><\/figure>\n\n\n\n<p class=\"has-text-align-center\">Inscription sur place le 4 et 5 Avril. Suppl\u00e9ment 110 km et 220 km: 3 Euros<\/p>\n\n\n\n<hr class=\"wp-block-separator has-alpha-channel-opacity\"\/>\n\n\n\n<p class=\"has-text-align-center\" style=\"text-decoration:underline\">Stationnement voitures<\/p>\n\n\n\n<p class=\"has-text-align-center\">Parking boulevard Anatole France \u2013 fl\u00e9ch\u00e9 A\/R &#8211; (Entre le quai du 4 Septembre et la porte de l\u2019hippodrome<\/p>\n\n\n\n<hr class=\"wp-block-separator has-alpha-channel-opacity\"\/>\n\n\n\n<p class=\"has-text-align-center\" style=\"text-decoration:underline\">Parcours<\/p>\n\n\n\n<figure class=\"wp-block-table\"><table class=\"has-fixed-layout\"><tbody><tr><td class=\"has-text-align-center\" data-align=\"center\">110 KM<\/td><td class=\"has-text-align-center\" data-align=\"center\"><a href=\"https:\/\/connect.garmin.com\/modern\/course\/340937157\" target=\"_blank\" rel=\"noreferrer noopener\"><mark style=\"background-color:rgba(0, 0, 0, 0);color:#f80202\" class=\"has-inline-color\">Lien vers le parcours GARMIN pour le 110 KM<\/mark><\/a><\/td><td class=\"has-text-align-center\" data-align=\"center\"><a href=\"https:\/\/www.openrunner.com\/route-details\/18447954\" target=\"_blank\" rel=\"noreferrer noopener\"><mark style=\"background-color:rgba(0, 0, 0, 0);color:#f40233\" class=\"has-inline-color\">Lien vers le parcours Openrunner:<strong> 18447954<\/strong><\/mark><\/a><\/td><\/tr><tr><td class=\"has-text-align-center\" data-align=\"center\">220 KM<\/td><td class=\"has-text-align-center\" data-align=\"center\"><a href=\"https:\/\/connect.garmin.com\/modern\/course\/340937422\" target=\"_blank\" rel=\"noreferrer noopener\"><mark style=\"background-color:rgba(0, 0, 0, 0);color:#f50202\" class=\"has-inline-color\">Lien vers le parcours GARMIN pour le 220 KM<\/mark><\/a><\/td><td class=\"has-text-align-center\" data-align=\"center\"><a href=\"https:\/\/www.openrunner.com\/route-details\/18447965\" target=\"_blank\" rel=\"noreferrer noopener\"><mark style=\"background-color:rgba(0, 0, 0, 0);color:#f40233\" class=\"has-inline-color\">Lien vers le parcours  Openrunner: <strong>18447965<\/strong><\/mark><\/a><\/td><\/tr><\/tbody><\/table><\/figure>\n\n\n\n<hr class=\"wp-block-separator has-alpha-channel-opacity\"\/>\n\n\n\n<p class=\"has-text-align-center\" style=\"text-decoration:underline\">Correspondance<\/p>\n\n\n\n<p class=\"has-text-align-center\">CYCLO. CLUB. B.B. 11 Rue de Clamart 92100 BOULOGNE<\/p>\n\n\n<div class=\"wp-block-image\">\n<figure class=\"aligncenter size-large\"><img loading=\"lazy\" decoding=\"async\" width=\"724\" height=\"1024\" src=\"https:\/\/ccbbcyclo.fr\/wp-content\/uploads\/2025\/03\/CCBB-724x1024.jpg\" alt=\"\" class=\"wp-image-1164\" srcset=\"https:\/\/ccbbcyclo.fr\/wp-content\/uploads\/2025\/03\/CCBB-724x1024.jpg 724w, https:\/\/ccbbcyclo.fr\/wp-content\/uploads\/2025\/03\/CCBB-212x300.jpg 212w, https:\/\/ccbbcyclo.fr\/wp-content\/uploads\/2025\/03\/CCBB-768x1086.jpg 768w, https:\/\/ccbbcyclo.fr\/wp-content\/uploads\/2025\/03\/CCBB-1086x1536.jpg 1086w, https:\/\/ccbbcyclo.fr\/wp-content\/uploads\/2025\/03\/CCBB-1448x2048.jpg 1448w, https:\/\/ccbbcyclo.fr\/wp-content\/uploads\/2025\/03\/CCBB-scaled.jpg 1810w\" sizes=\"auto, (max-width: 724px) 100vw, 724px\" \/><\/figure>\n<\/div>","protected":false},"excerpt":{"rendered":"<p>F.F.C.T CODEP92 COREG I.D.F &nbsp;CYCLOTOURISME Le CYCLO &#8211; CLUB de BOULOGNE BILLANCOURT Vous invite le Samedi 5 Avril \u00e0 la 36 \u00e9me \u00e9dition de BOULOGNE -&gt; CHATEAUNEUF en THYMERAIS -&gt; BOULOGNE &#8211; 220 KM Challenge &nbsp; \u00ab\u00a0Christian RICHON\u00a0\u00bb ET BOULOGNE -&gt; LES BREVIAIRES-ETANGS DE HOLLANDE -&gt; BOULOGNE &#8211; 110 KM Challenge &nbsp; \u00ab\u00a0Danielle RICHON\u00a0\u00bb Le[&#8230;]<\/p>\n","protected":false},"author":1,"featured_media":0,"parent":0,"menu_order":0,"comment_status":"closed","ping_status":"closed","template":"","meta":{"footnotes":""},"class_list":["post-1108","page","type-page","status-publish","hentry","et-post-article","et-default-post-layout"],"_links":{"self":[{"href":"https:\/\/ccbbcyclo.fr\/index.php\/wp-json\/wp\/v2\/pages\/1108","targetHints":{"allow":["GET"]}}],"collection":[{"href":"https:\/\/ccbbcyclo.fr\/index.php\/wp-json\/wp\/v2\/pages"}],"about":[{"href":"https:\/\/ccbbcyclo.fr\/index.php\/wp-json\/wp\/v2\/types\/page"}],"author":[{"embeddable":true,"href":"https:\/\/ccbbcyclo.fr\/index.php\/wp-json\/wp\/v2\/users\/1"}],"replies":[{"embeddable":true,"href":"https:\/\/ccbbcyclo.fr\/index.php\/wp-json\/wp\/v2\/comments?post=1108"}],"version-history":[{"count":40,"href":"https:\/\/ccbbcyclo.fr\/index.php\/wp-json\/wp\/v2\/pages\/1108\/revisions"}],"predecessor-version":[{"id":1196,"href":"https:\/\/ccbbcyclo.fr\/index.php\/wp-json\/wp\/v2\/pages\/1108\/revisions\/1196"}],"wp:attachment":[{"href":"https:\/\/ccbbcyclo.fr\/index.php\/wp-json\/wp\/v2\/media?parent=1108"}],"curies":[{"name":"wp","href":"https:\/\/api.w.org\/{rel}","templated":true}]}}